{"id":25,"date":"2022-07-05T12:17:11","date_gmt":"2022-07-05T12:17:11","guid":{"rendered":"https:\/\/kozmeticnisalon-romana.si\/?page_id=25"},"modified":"2022-12-26T15:25:07","modified_gmt":"2022-12-26T15:25:07","slug":"salon","status":"publish","type":"page","link":"https:\/\/kozmeticnisalon-romana.si\/","title":{"rendered":"o meni"},"content":{"rendered":"\n<p><\/p>\n\n\n\n<div class=\"wp-block-media-text alignwide is-stacked-on-mobile\"><figure class=\"wp-block-media-text__media\"><img loading=\"lazy\" decoding=\"async\" width=\"847\" height=\"1024\" src=\"https:\/\/kozmeticnisalon-romana.si\/wp-content\/uploads\/2022\/12\/IMG-f509576a8f3c47b179f072df4d2a08b5-V-847x1024.jpg\" alt=\"\" class=\"wp-image-82 size-full\" srcset=\"https:\/\/kozmeticnisalon-romana.si\/wp-content\/uploads\/2022\/12\/IMG-f509576a8f3c47b179f072df4d2a08b5-V-847x1024.jpg 847w, https:\/\/kozmeticnisalon-romana.si\/wp-content\/uploads\/2022\/12\/IMG-f509576a8f3c47b179f072df4d2a08b5-V-248x300.jpg 248w, https:\/\/kozmeticnisalon-romana.si\/wp-content\/uploads\/2022\/12\/IMG-f509576a8f3c47b179f072df4d2a08b5-V-768x929.jpg 768w, https:\/\/kozmeticnisalon-romana.si\/wp-content\/uploads\/2022\/12\/IMG-f509576a8f3c47b179f072df4d2a08b5-V-1270x1536.jpg 1270w, https:\/\/kozmeticnisalon-romana.si\/wp-content\/uploads\/2022\/12\/IMG-f509576a8f3c47b179f072df4d2a08b5-V-1140x1379.jpg 1140w, https:\/\/kozmeticnisalon-romana.si\/wp-content\/uploads\/2022\/12\/IMG-f509576a8f3c47b179f072df4d2a08b5-V.jpg 1322w\" sizes=\"auto, (max-width: 847px) 100vw, 847px\" \/><\/figure><div class=\"wp-block-media-text__content\">\n<p>Moje ime je Romana in delo kozmeti\u010darke opravljam \u017ee vrsto let.                                                                Na samostojni poti sem od 16. januarja 2010. Delo vedno opravljam s srcem in sem z veseljem v va\u0161i dru\u017ebi. \u017delji po znanju in izpopolnjevanju me \u017eeneta ter mi odpirata mnogo podro\u010dij, s katerimi nadgrajujem svojo pot. Nova pridobljena znanja mi pomagajo pri dopolnjevanju mojih storitev, ki jih prilagodim vsaki stranki posebej.<\/p>\n<\/div><\/div>\n","protected":false},"excerpt":{"rendered":"<p>Moje ime je Romana in delo kozmeti\u010darke opravljam \u017ee vrsto let. Na samostojni poti sem od 16. januarja 2010. Delo vedno opravljam s srcem in sem z veseljem v va\u0161i dru\u017ebi. \u017delji po znanju in izpopolnjevanju me \u017eeneta ter mi odpirata mnogo podro\u010dij, s katerimi nadgrajujem svojo pot. Nova pridobljena znanja mi pomagajo pri dopolnjevanju mojih storitev, ki jih prilagodim vsaki stranki posebej.<\/p>\n","protected":false},"author":1,"featured_media":0,"parent":0,"menu_order":0,"comment_status":"closed","ping_status":"closed","template":"","meta":{"om_disable_all_campaigns":false,"_monsterinsights_skip_tracking":false,"_monsterinsights_sitenote_active":false,"_monsterinsights_sitenote_note":"","_monsterinsights_sitenote_category":0,"footnotes":""},"class_list":["post-25","page","type-page","status-publish","hentry"],"aioseo_notices":[],"_links":{"self":[{"href":"https:\/\/kozmeticnisalon-romana.si\/index.php\/wp-json\/wp\/v2\/pages\/25","targetHints":{"allow":["GET"]}}],"collection":[{"href":"https:\/\/kozmeticnisalon-romana.si\/index.php\/wp-json\/wp\/v2\/pages"}],"about":[{"href":"https:\/\/kozmeticnisalon-romana.si\/index.php\/wp-json\/wp\/v2\/types\/page"}],"author":[{"embeddable":true,"href":"https:\/\/kozmeticnisalon-romana.si\/index.php\/wp-json\/wp\/v2\/users\/1"}],"replies":[{"embeddable":true,"href":"https:\/\/kozmeticnisalon-romana.si\/index.php\/wp-json\/wp\/v2\/comments?post=25"}],"version-history":[{"count":4,"href":"https:\/\/kozmeticnisalon-romana.si\/index.php\/wp-json\/wp\/v2\/pages\/25\/revisions"}],"predecessor-version":[{"id":84,"href":"https:\/\/kozmeticnisalon-romana.si\/index.php\/wp-json\/wp\/v2\/pages\/25\/revisions\/84"}],"wp:attachment":[{"href":"https:\/\/kozmeticnisalon-romana.si\/index.php\/wp-json\/wp\/v2\/media?parent=25"}],"curies":[{"name":"wp","href":"https:\/\/api.w.org\/{rel}","templated":true}]}}